(-33). Suppose 2*o + 75 = 5*l, 3*o + 3*l + 2*l + 175 = 0. Let v = p - o. Calculate the greatest common divisor of v and 16.
8
Suppose 3*y + 5*u = 67, -2*y + 17 + 29 = 2*u. Calculate the greatest common factor of 744 and y.
24
Let t be 2/2*0 - -2. Let h(c) = 3*c - 6. Let l be h(8). What is the highest common factor of t and l?
2
Let w = -9 - -22. Suppose 59 = 3*r - w. Suppose k = -k + 6. What is the greatest common divisor of r and k?
3
Let j be (-2 - -1)/(2 + -3). Let x be (0 + 6)*(-187)/(-33). Let h be (x - j)*(-19)/(-3). What is the greatest common factor of h and 19?
19
Suppose 4*u + 2*q = 3*u + 33, u - 18 = 3*q. What is the highest common factor of u and 33?
3
Suppose 0 = -5*b - q + 827, -b + 4*q = -3*b + 338. Let i be (4 - 8) + (-7)/1. Let h = i - -26. Calculate the greatest common divisor of h and b.
15
Suppose -10*h = -11*h - 5*s + 1945, 0 = -3*h + 3*s + 5853. Calculate the highest common divisor of h and 150.
150
Let s be 173/7 + (-10)/(-35) + -1. What is the greatest common divisor of 80 and s?
8
Let p = -1488 + 1502. Let j = 11 - 7. Calculate the greatest common divisor of j and p.
2
Let f = -262 + 268. Calculate the greatest common divisor of 114 and f.
6
Suppose 810*h - 270 = 805*h. Calculate the greatest common divisor of 198 and h.
18
Suppose -83 = -2*f - 5*v, 2*f + 54*v - 78 = 50*v. Calculate the highest common factor of f and 464.
29
Let x(k) = 22*k + 4. Let j be x(7). Let m = j - -10. Suppose 3*i - m - 399 = 0. Calculate the greatest common factor of i and 27.
27
Let h be (-8)/5 + 2/(-5). Let b be h/4 - 221/(-2). Calculate the highest common divisor of 10 and b.
10
Let g(p) = 22*p - 55. Let q be g(7). Calculate the greatest common divisor of q and 33.
33
Suppose -59*s + 1655 = 60*s - 4057. Let b = 23 + -11. What is the greatest common factor of s and b?
12
Let v be (-1)/((-7)/((-7875)/5620) - 5). Calculate the greatest common divisor of 45 and v.
45
Let p = 34 - 28. Let g(j) = -3 - 3 - j**2 + 3 + 8*j. Let z be g(5). What is the highest common factor of p and z?
6
Suppose -104 = -l + u + 2*u, -4*u = 0. Calculate the greatest common divisor of 16 and l.
8
Let j be 1/2 + 945/126. Let c = 8 - 1. Let m be 84*(-2 + 20/c). What is the highest common divisor of m and j?
8
Let j be ((-25)/2)/((-7)/14). Let t = 28 - j. Calculate the greatest common factor of 12 and t.
3
Let o(d) = -2*d**3 - 3*d**2 - 2*d - 3. Let a = -18 + 15. Let g be o(a). Calculate the highest common factor of g and 3.
3
Let b = -12 - -3. Let d be (b/6)/((-2)/20). Let q be 836/8 - (-1)/2. Calculate the greatest common divisor of q and d.
15
Let i be 4/(-22) + 1596/66. Calculate the greatest common factor of i and 120.
24
Let z be ((-29)/3 + 3)*(-3)/2. Let c(v) = -2*v. Let i be c(-2). What is the highest common divisor of i and z?
2
Let j = 16 + 19. Suppose 8 = -3*l + j. Suppose -2*d = l - 35. What is the highest common divisor of 65 and d?
13
Suppose 0 = 4*s - s + 5*c + 3, 4*s - 4*c + 36 = 0. Let q be (-4)/(-6)*108/s. Let y be (q/24)/(2/(-88)). Calculate the greatest common factor of y and 110.
22
Suppose 4*y + 2*u - 54 = 0, -4*y + 2*y + 5*u + 57 = 0. Let a(q) = 43*q + 15. Let r be a(3). What is the highest common factor of y and r?
16
Let j be (-5)/((-1)/((-6)/(-15))). Suppose j*u = -3*q + 16, 5*u - 2*u - 18 = -3*q. Calculate the highest common divisor of q and 12.
4
Let b(p) = p**3 + 11*p**2 + p - 2. Let t be 12*(-3)/18*3. Let s be b(t). What is the highest common divisor of s and 43?
43
Let b = -54 - -58. Let n be (-148)/(-10) + b/20. What is the greatest common divisor of n and 9?
3
Let t(d) = -d + 3. Let m be t(-3). Let n be (-2)/(-4) + 231/m - 4. Calculate the highest common factor of 10 and n.
5
Let y(a) = 51*a + 1. Let h be y(1). Suppose 12 = 6*m - 2*m. Suppose 65 = 5*n + 4*r, -2*n + m*r + 44 = 18. What is the highest common divisor of h and n?
13
Let j(v) = v. Let w = -13 + 11. Let d be j(w). Let y be 904/10 + d/5. Calculate the greatest common divisor of 10 and y.
10
Let m(q) = -q**3 + 4*q**2 + 21*q - 26. Let l be m(5). What is the greatest common divisor of 864 and l?
54
Let m be (12/48)/(1/4). Let z be -2*((-12)/(-8) - m). Let c be (-2 + 0 - 1)/z. Calculate the greatest common factor of 12 and c.
3
Let b = 7 + -3. Suppose b*f - 178 = 5*r - 58, -f - r + 39 = 0. Suppose 5*s - 25 = 0, -5*z - s + 0*s = -1405. What is the highest common divisor of z and f?
35
Suppose 0 = -4*j + 2*j + 34. Let c = 32 - j. Let t(i) = i**2 + i - 10. Let a be t(-5). What is the highest common divisor of a and c?
5
Suppose -8*w = 3*w - 968. Calculate the highest common factor of 66 and w.
22
Let f be (-2 - -202)*((-162)/24)/(-9). Calculate the highest common divisor of f and 200.
50
Let f be 14*(4 + 11)/3. Let n = 102 - f. Calculate the highest common factor of 80 and n.
16
Suppose 2*a + 2*t - 22 = 0, 0 = 4*a - a - 3*t - 15. What is the highest common divisor of a and 216?
8
Let t = 8 - 15. Let d = t + 9. Suppose -2*n - 5*c = -21, -4*n = 2*c - c - 69. What is the greatest common divisor of d and n?
2
Let x(w) = w**2 - 5*w - 4. Let f be x(-7). Let h = 2175 + -2143. What is the highest common divisor of h and f?
16
Let w be 6*6/36*87. What is the greatest common divisor of 609 and w?
87
Let o = -1554 - -1562. Calculate the greatest common factor of 106 and o.
2
Let d be 5 + -7 - (0 + 2). Let j be (-97)/(-5) + d/10. Calculate the highest common factor of j and 76.
19
Let r = 14 + -21. Let y(q) = q**3 + 7*q**2 + 7. Let v be y(r). Suppose -7*z = -h - 2*z - 11, 2*z = 2*h - 18. Calculate the highest common divisor of h and v.
7
Let r be (-14)/(-49) - 124/(-7). Let s(y) = 7*y**3 + 5 - 4 - y**3 - 3*y**2 + 2*y**2. Let k be s(1). Calculate the greatest common factor of k and r.
6
Let g be 2 + 32/(-14) + (-592)/(-259). What is the greatest common divisor of g and 3?
1
Suppose -5*p = -2*p - 60. Let m = p - 11. Let y be (0 - -9)/(1 - 0). Calculate the greatest common divisor of m and y.
9
Let t be (-4)/(-26) - 137940/(-3146). Calculate the highest common factor of 319 and t.
11
Let b be (-32)/(-6)*29/((-116)/(-1032)). What is the highest common divisor of b and 43?
43
Suppose 5*v - 6 = -k + 4*v, 5*v + 51 = 4*k. What is the greatest common factor of 477 and k?
9
Let t(n) = 2*n + 23. Let p be t(-5). Let f be 1/(-3) - 939/(-9). Calculate the greatest common divisor of p and f.
13
Suppose 8*v + 24 = 11*v. Suppose 2*d - v = 10. Calculate the highest common divisor of d and 1.
1
Let z(o) = -o**3 + 15*o + 34. Let d be z(0). What is the highest common factor of 374 and d?
34
Suppose 92 - 182 = -3*q. Let i be 2*1/2 - -26. Suppose -2*m = k - i, 5*m - q = 4*k + 31. Calculate the greatest common divisor of m and 65.
13
Let g = -564 - -1058. Calculate the greatest common factor of g and 76.
38
Let q = 18 + -12. Let g be 4/(-2)*(-15)/q. Let p(a) = -3*a**3 + 4*a**2 + 3*a + 1. Let c be p(-2). What is the greatest common factor of c and g?
5
Let w be 3/2 + (105/14)/(-15). Suppose -2*b + 17 = j, -9*j + 11*j = -2. Calculate the highest common factor of w and b.
1
Let o(h) be the first derivative of -11*h**4/4 + 2*h**3/3 - h**2/2 - 2*h - 4. Let c be o(-1). Calculate the highest common factor of c and 12.
12
Let b(n) = 3*n - 9. Let t be b(6). Let m(o) = 7 + 2*o + 0*o - 2*o**2 - 4. Let w be m(0). What is the greatest common divisor of w and t?
3
Suppose -3*n - 26*h + 25*h = -1273, -2*h - 1261 = -3*n. Calculate the greatest common factor of 282 and n.
141
Let w = 1 - -1. Suppose -d - 5*u + 24 = -0, -2*d + 24 = w*u. What is the greatest common factor of d and 18?
9
Suppose 3*a + d = 413, 2*a + 5*d = -a + 433. Let u be (-1)/5 - 84/(-20). Suppose -2*j + u*j - 34 = 0. What is the highest common factor of j and a?
17
Suppose -4*k = 2*z - 14, -k - 1 - 3 = 0. Let u = -5 + z. Let c(f) = -52*f**3 - 2*f**2 + 2*f + 2. Let p be c(-1). What is the greatest common factor of p and u?
10
Suppose 0 = 2*y - 87 + 29. Let z = 7 + y. Suppose -3*v + 7*v = 24. Calculate the greatest common divisor of z and v.
6
Let i(x) = x**2 - 24. Let j be i(-5). Let b be (4 - j - 12/18)*9. Calculate the highest common divisor of b and 21.
21
Let s = 754 + -670. Suppose 44 = 4*v - 2*w, -v = 10*w - 5*w - 22. What is the highest common factor of v and s?
12
Suppose 0 = 379*w - 377*w - 368. What is the greatest common divisor of 138 and w?
46
Let u = 377 